261 + -1269. What is p(w)?
-24
Let n(m) = 4*m - 20. Suppose 0 = -45*j + 47*j - 22. Determine n(j).
24
Let d(p) = -p**3 + 3*p**3 - 58 - 3*p**3 - 23*p - 366*p**2 + 345*p**2. Calculate d(-20).
2
Let r(j) = -4*j + 55. Let s be r(8). Suppose 16*y - s*y + 7 = 0. Let c(i) = 4*i**3 - i. What is c(y)?
3
Let b = -11 + 8. Let s(c) = c**3 - 3*c**2 - 16*c + 51. Let h be s(4). Let a(o) = -2*o**2 + 2*o + 2*o + h*o**2 - 3*o. Determine a(b).
6
Let a(c) be the third derivative of -c**6/240 + c**4/3 + 146*c**2. Let f(v) be the second derivative of a(v). Calculate f(-2).
6
Let h(u) = -4*u + 16*u - 30 - 2*u - 123 - 6*u. Calculate h(38).
-1
Let x(a) = 43 + a**2 + 15 + 4*a - 19*a - 10. Calculate x(10).
-2
Let f(h) = -3410*h**2 + 1700*h**2 - 8*h - 13 + 1709*h**2. Determine f(-7).
-6
Let q(k) = k**2 + k - 16. Suppose -8 = -2*v + 4*v. Let s be v - (8*-1 - -2). Suppose -s*m + 7*m = 0. What is q(m)?
-16
Let m(z) = -6*z. Let f be m(1). Let h(j) = -j + 5*j + 2 + 2. Let o(n) = -3*n - 4. Let q(i) = -5*h(i) - 6*o(i). What is q(f)?
16
Let z(k) = k**3 - 23*k**2 + 2*k - 10. Let q(h) = -2*h**3 + 48*h**2 - 5*h + 20. Let t(y) = -2*q(y) - 5*z(y). Give t(19).
10
Let m(x) = -x**2 - 18*x - 61. Let u be m(-5). Suppose u*j - 2*i - 3*i = 19, -25 = -5*i. Let p(d) = 2*d**2 - 21*d - 8. Give p(j).
3
Let t(m) = -12*m + 92. Suppose -976 = -72*b + 37*b - 87*b. Determine t(b).
-4
Let v(s) be the second derivative of -s**6/360 + s**5/24 + s**4/8 + 29*s**3/6 + 2*s - 11. Let x(p) be the second derivative of v(p). Give x(5).
3
Suppose 25*y + 93 = 968. Let p(i) = 11*i + 14*i + 9*i + 2 - y*i. Suppose 4*n = 2*n + 5*r + 25, -3*n = -5*r - 25. Give p(n).
2
Let u(l) be the first derivative of -l**3/3 + 5*l**2 - 16*l + 40. Determine u(7).
5
Let a(b) = -10*b + 117. Let o be a(12). Let c be (20/60)/(1/o). Let s(r) be the second derivative of -r**3/3 + r**2/2 + 2*r. What is s(c)?
3
Let u(t) = -2*t**2 - 2*t - 2. Suppose -83*k = 2*h - 82*k - 6, 0 = 4*h - k + 6. Determine u(h).
-2
Suppose 4 = -2*o - 0*b - 2*b, b = -5*o - 10. Let a(m) be the third derivative of -m**2 + 0*m + 1/30*m**5 + 0 - 1/6*m**3 + 1/120*m**6 - 1/12*m**4. What is a(o)?
3
Let s(i) = -i**3 + 13*i**2 + 15*i - 2. Let n(q) = q**3 + 29*q**2 + 23*q - 126. Let y be n(-28). What is s(y)?
12
Let z(j) = 0*j - 73 - 48 - 34*j + 18*j - 52. Give z(-10).
-13
Let b = -1432 - -1435. Let g(a) = -2*a**3 + 7*a**2 + a - 6. Give g(b).
6
Let o(f) = -2*f**3 + 7*f**2 - f - 19. Let z be (-6564)/(-11487) - (178/(-56) - (-2)/(-8)). Give o(z).
-39
Let l = 87 - 79. Suppose 18*h - 10 = l*h. Let r(p) = -h + 0*p - 4 - 5*p + 1. Determine r(-5).
21
Let n(x) = -x**3 + 2*x**2 + 4*x - 5. Let j be (-1 - -1)/(7/((-7)/(-2))). Give n(j).
-5
Suppose 3*p = 8*p + 11*p. Suppose 3*d - i + 10 = p, d - 3*i + 17 - 3 = 0. Let s(q) = -q**2 - q + 1. Determine s(d).
-1
Let z be (-2330)/(-6524)*14/60. Let n(p) be the third derivative of -1/6*p**3 - 5/24*p**4 + 0 - 18*p**2 - z*p**5 + 0*p - 1/120*p**6. Give n(-4).
3
Let k(y) be the second derivative of 5*y**4/12 - 2*y**3/3 + y**2 - 17*y + 91. Suppose -4*l + 11 = 3. What is k(l)?
14
Let s(n) = n**3 - 3*n**2 - 3*n + 7. Let k be 26/7 - (-17)/((-595)/(-10)). Calculate s(k).
11
Let y(b) = -b**2 + 4*b + 55. Suppose -2*t = -3*q + 4, 10*q = 3*t + 5*q + 10. Calculate y(t).
-5
Let k(m) = 3*m**3 - 16*m**2 - 10*m - 67. Let q(c) = -14*c**3 + 63*c**2 + 35*c + 272. Let x(r) = -9*k(r) - 2*q(r). What is x(-17)?
8
Let a(i) = 10*i - 53*i**3 + 3 + 29*i**3 + 9*i**3 + 16*i**3 - 9*i**2. Give a(7).
-25
Let x(j) = 31*j + 30. Let u(i) be the second derivative of -7*i**3/3 - 15*i**2/2 - 3*i - 4. Let l(w) = -9*u(w) - 4*x(w). Determine l(-11).
-7
Let l(a) = -22*a - 251. Let q(y) = -42*y - 500. Let t(i) = -11*l(i) + 6*q(i). Let o be t(-23). Let p(u) = -u - 7. What is p(o)?
2
Let d(c) = -20*c + 15. Let j(g) = 26*g - 181. Let q be j(7). Determine d(q).
-5
Suppose 0 = 4*y - 7 - 1. Let t(f) = -y - 8*f**2 + 1 + 15*f**2 + 6*f**2. Suppose -217*u - 632 + 415 = 0. Give t(u).
12
Let i(h) = -h + 5. Let s be i(5). Let c(t) = -t**3 - t**2 - 2*t + 19. Let x be c(s). Suppose 0 = 14*r - x*r - 65. Let n(o) = o + 11. Calculate n(r).
-2
Let u(z) = 13 - 150 + 22*z + 395 - 10. Give u(-11).
6
Let d(n) be the first derivative of -7*n**3/3 - 64. Suppose -2 = -18*g - 20. What is d(g)?
-7
Let n(i) = -3*i**3 + 23*i**2 + 27*i - 31. Let g(v) = -2*v**3 + 12*v**2 + 14*v - 15. Let k(u) = -5*g(u) + 3*n(u). Give k(-7).
3
Suppose -4*a + 30 + 150 = 0. Suppose -5*p + a + 0 = 0. Let o(s) = -s**2 - 5*s + 109*s - 94*s. Give o(p).
9
Suppose 0 = -35*u + 13*u - 88. Let b(a) = -3*a**3 - 97*a**2 - 23*a - 32. Let p(q) = q**3 + 34*q**2 + 8*q + 11. Let t(f) = 6*b(f) + 17*p(f). Give t(u).
3
Let k(q) = -270*q + 530*q - 265*q + 27. What is k(19)?
-68
Suppose t = -3, -109 = 3*u - 5*u + t. Let p = u + -56. Let m(s) = -2*s - 1. Determine m(p).
5
Let d be (1 - 55/33)/(2/(-3)). Let x(w) = 61*w**3 + w**2 - 4*w + 2. What is x(d)?
60
Let a(g) be the first derivative of 11*g**4/4 + g**2/2 + g - 704. Give a(-1).
-11
Let u(i) = 119*i**3 - 45*i**2 - 104*i - 332. Let q(f) = -23*f**3 + 9*f**2 + 21*f + 67. Let c(g) = -31*q(g) - 6*u(g). Determine c(-7).
6
Let m(c) = 4*c + 203. Let h(y) = -y + 34. Let p(s) = -6*h(s) + m(s). Give p(-2).
-21
Let v(n) = n + 19. Suppose -2*l - 134 = 4*x, 12*x + 65 = 11*x - 5*l. Determine v(x).
-11
Let c(n) = 13*n**2 + 7*n - 6*n**2 + 2 + 9*n**2 - 15*n**2 + 0. Suppose 7*j + 10 = 2*j. Let a be j/6 + 20/(-3). Determine c(a).
2
Let m = -108 - -103. Let u(p) = p**3 + 14*p**2 + 8. Let r(c) = -c**3 - 17*c**2 + c - 9. Let q(v) = -3*r(v) - 4*u(v). Calculate q(m).
10
Let d = -3766 - -3770. Let k(o) be the third derivative of 0*o + 1/24*o**d - 2*o**2 + 0 + 1/2*o**3. What is k(-5)?
-2
Let u(a) = -a**3 + 6*a**2 - 9*a + 59. Suppose -5*i - 15 = 0, 36 = 5*z - 0*z - 2*i. What is u(z)?
5
Let p(k) be the third derivative of k**6/120 - k**5/12 + k**4/24 + k**3/2 + 12*k**2. Let y be (99/36)/11*12. Give p(y).
-12
Let j(x) = -x. Let f(m) = 8*m + 2. Let p(h) = f(h) + 6*j(h). Suppose 3*q + 1 = 7. Suppose o - 2*o - q = 0. Calculate p(o).
-2
Let k(c) = -c**2 - 9*c - 18. Suppose 103*a = 6 + 5 - 11. Calculate k(a).
-18
Let x(g) = -2*g**2 + 96*g - 79. Let v be x(47). Let u(r) = r**3 - 16*r**2 + 18*r + 4. Give u(v).
49
Let s = -28 + 30. Let o(b) = -s*b**2 - b**2 - 3 + 2*b + 1 + 0. Let n(y) = y**3 - 21*y**2 + 22*y - 37. Let g be n(20). Determine o(g).
-23
Let q(x) be the first derivative of -x**2/2 - 2*x - 1. Let s(i) = 34*i**3 + i**2 + i. Let t be s(-2). Let f = 265 + t. What is q(f)?
3
Let h(v) be the second derivative of v**3/2 - 5*v**2/2 - 959*v. What is h(19)?
52
Let b(i) = -i + 1. Let t(a) = -a**2 - 4*a + 4. Let w(y) = 2*b(y) - t(y). Let o be (-116)/30 - (-6)/(-45). Determine w(o).
6
Let a be 186/7 + (-51)/(-119). Suppose -a*d = -35*d + 8. Let v(q) = 2*q. Let u(j) = -j. Let l(f) = 2*u(f) + 3*v(f). Give l(d).
4
Suppose 0 = 4*t - 19 - 13. Let u(f) = -55*f**3 + 13*f**2 + 13*f - 3. Let j(k) = 46*k**3 - 12*k**2 - 12*k + 2. Let y(i) = -6*j(i) - 5*u(i). Calculate y(t).
-5
Suppose 5*a - 4*h - 190 = 90, -3*a = -5*h - 181. Suppose 4*i + 44 - a = 0. Let s(y) = 3 - y - 5 + 3*y + 3*y**3 - 4*y**3 - 7*y**i. Calculate s(-7).
-16
Let d(n) = n + 5. Let c be d(-4). Suppose 0*q - q - 17 = 5*w, 0 = -2*q + w + 10. Let u(m) = 57*m**3 + 70*m**q + 3*m**2 - 110*m**3 - m - m**2. What is u(c)?
18
Let r(c) be the third derivative of 11*c**5/60 - c**4/8 + 2*c**3 - 7*c**2 + 3*c. Let q(k) = 9*k**2 - 3*k + 10. Let y(t) = -6*q(t) + 5*r(t). Determine y(-3).
0
Let t(n) = n**2 + 2*n. Let f be t(-5). Suppose b = 6*b + f. Let o(g) = 6 - 12 + 4*g**2 + g**3 + 5*g + 6 + 4. What is o(b)?
-2
Let n(r) = -3*r. Let m(c) be the first derivative of c**3/3 - 3*c**2 + 9*c + 242. Let a(i) = -m(i) - n(i). Determine a(7).
5
Let s(u) = -4*u**2. Let i be -5*(4 + (5 - 6/3)). Let z = -24 - i. Suppose z*q = 10*q + 1. Give s(q).
-4
Let l = -397 - -399. Let z(n) = 56*n - 15*n - 11*n + l - 17*n - 10*n. Let j(y) = y + 1. Let r be j(-6). Calculate z(r).
-13
Let w(o) = o**3 + 14*o**2 + 14*o - 6. Suppose 19*s - 20*s + 2*v - 7 = 0, -s - 10 = -v. Give w(s).
-19
Let m(c) = 6*c**2 - 10*c - 4. Let y be 4/8*10 + -10. Let q(f) = -5*f**2 + 8*f + 3. Let s(x) = y*q(x) - 4*m(x). Determine s(-1).
2
Suppose 16*l - 4 = 17*l. Let g be (-3 - (l + 1))*9/9. Let c(r) = 3 - 1 + 4 - r. Give c(g).
6
Suppose -q + h - 6 = 4, 0 =